{"id":851,"date":"2020-06-10T18:36:10","date_gmt":"2020-06-10T16:36:10","guid":{"rendered":"https:\/\/www.migration-macht-gesellschaft.de\/impressum\/"},"modified":"2024-07-25T14:27:59","modified_gmt":"2024-07-25T12:27:59","slug":"imprint","status":"publish","type":"page","link":"https:\/\/www.migration-macht-gesellschaft.de\/en\/imprint\/","title":{"rendered":"Imprint"},"content":{"rendered":"<div class=\"flex_column av_one_full  flex_column_div av-zero-column-padding first  avia-builder-el-0  avia-builder-el-no-sibling  \" style='border-radius:0px; '><section class=\"av_textblock_section \"  itemscope=\"itemscope\" itemtype=\"https:\/\/schema.org\/CreativeWork\" ><div class='avia_textblock  '   itemprop=\"text\" ><p>Migration macht Gesellschaft e.V.<\/p>\n<p>Schwanthalerstrasse 80<\/p>\n<p>80336 M\u00fcnchen<\/p>\n<hr \/>\n<p>Telefon: +49 89 85 63 75 21<\/p>\n<p>Fax: +49 89 85 63 75 12<\/p>\n<p>E-Mail: info@migration-macht-gesellschaft.de<\/p>\n<p>Webseite: www.migration-macht-gesesllschaft.de<\/p>\n<hr \/>\n<p>Vertretungsberechtigte:<\/p>\n<p>Aida Ibrahim (Vorsitzender)<\/p>\n<p>Aylin Romey (Vorstand)<\/p>\n<p>Jan Stoewe (Vorstand)<\/p>\n<hr \/>\n<p>Registergericht: Amtsgericht M\u00fcnchen<br \/>\nRegisternummer: VR 12523<\/p>\n<p>\u00a9 Migration macht Gesellscahft e.V.<\/p>\n<hr \/>\n<p>Webmaster: <a href=\"https:\/\/www.wemakewebsites.de\/\" target=\"_blank\" rel=\"noopener noreferrer\">wemakewebsites.de<\/a><\/p>\n<hr \/>\n<p>Haftungshinweis:<b><br \/>\n<\/b>Trotz sorgf\u00e4ltiger inhaltlicher Kontrolle \u00fcbernehmen wir keine Haftung f\u00fcr die Inhalte externer Links. F\u00fcr den Inhalt der verlinkten Seiten sind ausschlie\u00dflich deren Betreiber verantwortlich.<\/p>\n<hr \/>\n<p><strong>\u00a0<\/strong><\/p>\n<\/div><\/section><\/div>\n","protected":false},"excerpt":{"rendered":"","protected":false},"author":1,"featured_media":0,"parent":0,"menu_order":98,"comment_status":"closed","ping_status":"closed","template":"","meta":{"footnotes":""},"class_list":["post-851","page","type-page","status-publish","hentry"],"_links":{"self":[{"href":"https:\/\/www.migration-macht-gesellschaft.de\/en\/wp-json\/wp\/v2\/pages\/851","targetHints":{"allow":["GET"]}}],"collection":[{"href":"https:\/\/www.migration-macht-gesellschaft.de\/en\/wp-json\/wp\/v2\/pages"}],"about":[{"href":"https:\/\/www.migration-macht-gesellschaft.de\/en\/wp-json\/wp\/v2\/types\/page"}],"author":[{"embeddable":true,"href":"https:\/\/www.migration-macht-gesellschaft.de\/en\/wp-json\/wp\/v2\/users\/1"}],"replies":[{"embeddable":true,"href":"https:\/\/www.migration-macht-gesellschaft.de\/en\/wp-json\/wp\/v2\/comments?post=851"}],"version-history":[{"count":3,"href":"https:\/\/www.migration-macht-gesellschaft.de\/en\/wp-json\/wp\/v2\/pages\/851\/revisions"}],"predecessor-version":[{"id":8906,"href":"https:\/\/www.migration-macht-gesellschaft.de\/en\/wp-json\/wp\/v2\/pages\/851\/revisions\/8906"}],"wp:attachment":[{"href":"https:\/\/www.migration-macht-gesellschaft.de\/en\/wp-json\/wp\/v2\/media?parent=851"}],"curies":[{"name":"wp","href":"https:\/\/api.w.org\/{rel}","templated":true}]}}

<div class="flex_column av_one_full  flex_column_div av-zero-column-padding first  avia-builder-el-0  avia-builder-el-no-sibling  " style='border-radius:0px; '><section class="av_textblock_section "  itemscope="itemscope" itemtype="https://schema.org/CreativeWork" ><div class='avia_textblock  '   itemprop="text" ><p>Migration macht Gesellschaft e.V.</p>
<p>Schwanthalerstrasse 80</p>
<p>80336 München</p>
<hr />
<p>Telefon: +49 89 85 63 75 21</p>
<p>Fax: +49 89 85 63 75 12</p>
<p>E-Mail: info@migration-macht-gesellschaft.de</p>
<p>Webseite: www.migration-macht-gesesllschaft.de</p>
<hr />
<p>Vertretungsberechtigte:</p>
<p>Aida Ibrahim (Vorsitzender)</p>
<p>Aylin Romey (Vorstand)</p>
<p>Jan Stoewe (Vorstand)</p>
<hr />
<p>Registergericht: Amtsgericht München<br />
Registernummer: VR 12523</p>
<p>© Migration macht Gesellscahft e.V.</p>
<hr />
<p>Webmaster: <a href="https://www.wemakewebsites.de/" target="_blank" rel="noopener noreferrer">wemakewebsites.de</a></p>
<hr />
<p>Haftungshinweis:<b><br />
</b>Trotz sorgfältiger inhaltlicher Kontrolle übernehmen wir keine Haftung für die Inhalte externer Links. Für den Inhalt der verlinkten Seiten sind ausschließlich deren Betreiber verantwortlich.</p>
<hr />
<p><strong> </strong></p>
</div></section></div>
