{"id":3160,"date":"2022-09-15T11:44:26","date_gmt":"2022-09-15T09:44:26","guid":{"rendered":"https:\/\/www.migration-macht-gesellschaft.de\/events\/projekt-migration-macht-digitale-medien\/"},"modified":"2023-10-09T14:46:00","modified_gmt":"2023-10-09T12:46:00","slug":"proyecto-migration-macht-digitale-medien","status":"publish","type":"page","link":"https:\/\/www.migration-macht-gesellschaft.de\/es\/events\/proyecto-migration-macht-digitale-medien\/","title":{"rendered":"Proyecto &#8211; Migration.macht.digitale.Medien"},"content":{"rendered":"<div id='full_slider_1'  class='avia-fullwidth-slider main_color avia-shadow   avia-builder-el-0  el_before_av_image  avia-builder-el-first   container_wrap fullsize' style=' '  ><div   data-size='no scaling'  data-lightbox_size='large'  data-animation='slide'  data-conditional_play=''  data-ids='4776'  data-video_counter='0'  data-autoplay='false'  data-bg_slider='false'  data-slide_height=''  data-handle='av_slideshow_full'  data-interval='5'  data-class=' '  data-el_id=''  data-css_id=''  data-scroll_down=''  data-control_layout='av-control-default'  data-custom_markup=''  data-perma_caption='aviaTBperma_caption'  data-autoplay_stopper=''  data-image_attachment=''  data-min_height='160px'  data-src=''  data-position='top left'  data-repeat='no-repeat'  data-attach='scroll'  data-stretch=''  class='avia-slideshow avia-slideshow-1  av-control-default av-default-height-applied avia-slideshow-no scaling av_slideshow_full   avia-slide-slider '  itemprop=\"image\" itemscope=\"itemscope\" itemtype=\"https:\/\/schema.org\/ImageObject\" ><ul class='avia-slideshow-inner ' style='padding-bottom: 22.5%;' ><li  class=' av-single-slide slide-1 ' ><div data-rel='slideshow-1' class='avia-slide-wrap '   ><img src='https:\/\/www.migration-macht-gesellschaft.de\/wp-content\/uploads\/2023\/05\/Banner-MMDM-2000-\u00d7-450-px.png' width='2000' height='450' title='Banner MMDM (2000 \u00d7 450 px)' alt=''  itemprop=\"thumbnailUrl\"  style='min-height:160px; min-width:712px; ' \/><\/div><\/li><\/ul><\/div><\/div><div id='after_full_slider_1'  class='main_color av_default_container_wrap container_wrap fullsize' style=' '  ><div class='container' ><div class='template-page content  av-content-full alpha units'><div class='post-entry post-entry-type-page post-entry-3160'><div class='entry-content-wrapper clearfix'>\n<div  class='avia-image-container  av-styling-    avia-builder-el-1  el_after_av_slideshow_full  el_before_av_hr  avia-builder-el-first  avia-align-left '  itemprop=\"image\" itemscope=\"itemscope\" itemtype=\"https:\/\/schema.org\/ImageObject\"  ><div class='avia-image-container-inner'><div class='avia-image-overlay-wrap'><img class='avia_image' src='https:\/\/www.migration-macht-gesellschaft.de\/wp-content\/uploads\/2022\/10\/mmdm_01.jpg' alt='' title='mmdm_01' height=\"240\" width=\"240\"  itemprop=\"thumbnailUrl\"  \/><\/div><\/div><\/div>\n<div  style='height:30px' class='hr hr-invisible   avia-builder-el-2  el_after_av_image  el_before_av_textblock '><span class='hr-inner ' ><span class='hr-inner-style'><\/span><\/span><\/div>\n<section class=\"av_textblock_section \"  itemscope=\"itemscope\" itemtype=\"https:\/\/schema.org\/CreativeWork\" ><div class='avia_textblock  '   itemprop=\"text\" ><p>El proyecto <strong>Migration.macht.digitale.Medien<\/strong> re\u00fane a las personas independientemente de sus diversos or\u00edgenes y da forma al espacio digital abordando cuestiones sociales, especialmente las espec\u00edficas de la migraci\u00f3n.<\/p>\n<p>El proyecto crear\u00e1 podcasts, v\u00eddeos de YouTube, carretes de Instagram y campa\u00f1as fotogr\u00e1ficas. Los medios sociales y digitales se utilizar\u00e1n espec\u00edficamente con una postura cr\u00edtica hacia el racismo para dar a los grupos marginados, as\u00ed como a los grupos que recientemente han comenzado su vida en Alemania, la oportunidad de presentar sus puntos de vista al p\u00fablico. Las personas interesadas aprenden las habilidades necesarias a trav\u00e9s de talleres creativos. Edici\u00f3n de v\u00eddeo y audio, cursos de fotograf\u00eda o reportajes fotogr\u00e1ficos con sensibilidad a la discriminaci\u00f3n: todos los conocimientos necesarios se aprenden de forma l\u00fadica en seminarios.<\/p>\n<p>Adem\u00e1s de los talleres, se celebran reuniones de intercambio y excursiones. Se asiste a conferencias especializadas, se organizan proyecciones de pel\u00edculas y se realizan viajes de encuentro.<\/p>\n<p><strong>Migration.macht.digitale.Medien<\/strong> est\u00e1 financiado por el programa federal \u00abGesellschaftlicher Zusammenhalt\u00bb (Cohesi\u00f3n Social) en nombre del Ministerio Federal del Interior y Asuntos Internos (BMI). El programa federal se concibe a s\u00ed mismo como un programa de apoyo a la sociedad en su conjunto, que aspira a tener un impacto positivo duradero en la diversa convivencia en ciudades y municipios.<\/p>\n<p>El proyecto est\u00e1 dirigido por Silas Meyer. Silas es licenciado en ciencias sociales y lleva varios a\u00f1os trabajando en el contexto de la educaci\u00f3n pol\u00edtica y la lucha contra la discriminaci\u00f3n.<\/p>\n<p><strong>Migration.macht.digitale.Medien<\/strong> est\u00e1 abierto a todas las personas interesadas en los medios digitales. Los conocimientos previos no son un requisito indispensable. Queremos reunir deliberadamente a personas con y sin biograf\u00edas internacionales.<\/p>\n<p>\u00a1Escr\u00edbenos y participa!<\/p>\n<\/div><\/section>\n<div class=\"flex_column av_one_half  flex_column_div av-zero-column-padding first  avia-builder-el-4  el_after_av_textblock  el_before_av_one_half  column-top-margin\" style='border-radius:0px; '><section class=\"av_textblock_section \"  itemscope=\"itemscope\" itemtype=\"https:\/\/schema.org\/CreativeWork\" ><div class='avia_textblock  '   itemprop=\"text\" ><p><strong>Contacte con<\/strong><br \/>\nMigration macht Gesellschaft e.V.<br \/>\nSchwanthalerstra\u00dfe 80<br \/>\n80336 Mu\u0308nchen<\/p>\n<p>s.meyer@migration-macht-gesellschaft.de<br \/>\ntel.: +49 (0) 17684940060<\/p>\n<\/div><\/section><\/div>\n<div class=\"flex_column av_one_half  flex_column_div av-zero-column-padding   avia-builder-el-6  el_after_av_one_half  avia-builder-el-last  column-top-margin\" style='border-radius:0px; '><div  class='avia-image-container  av-styling-    avia-builder-el-7  avia-builder-el-no-sibling  avia-align-left '  itemprop=\"image\" itemscope=\"itemscope\" itemtype=\"https:\/\/schema.org\/ImageObject\"  ><div class='avia-image-container-inner'><div class='avia-image-overlay-wrap'><img class='avia_image' src='https:\/\/www.migration-macht-gesellschaft.de\/wp-content\/uploads\/2022\/09\/211228_gefoerdert-bmi_bundesprogramm01.jpg' alt='' title='211228_gefoerdert-bmi_bundesprogramm01' height=\"243\" width=\"380\"  itemprop=\"thumbnailUrl\"  \/><\/div><\/div><\/div><\/div>\n","protected":false},"excerpt":{"rendered":"","protected":false},"author":2,"featured_media":0,"parent":732,"menu_order":10,"comment_status":"closed","ping_status":"closed","template":"","meta":{"footnotes":""},"class_list":["post-3160","page","type-page","status-publish","hentry"],"_links":{"self":[{"href":"https:\/\/www.migration-macht-gesellschaft.de\/es\/wp-json\/wp\/v2\/pages\/3160","targetHints":{"allow":["GET"]}}],"collection":[{"href":"https:\/\/www.migration-macht-gesellschaft.de\/es\/wp-json\/wp\/v2\/pages"}],"about":[{"href":"https:\/\/www.migration-macht-gesellschaft.de\/es\/wp-json\/wp\/v2\/types\/page"}],"author":[{"embeddable":true,"href":"https:\/\/www.migration-macht-gesellschaft.de\/es\/wp-json\/wp\/v2\/users\/2"}],"replies":[{"embeddable":true,"href":"https:\/\/www.migration-macht-gesellschaft.de\/es\/wp-json\/wp\/v2\/comments?post=3160"}],"version-history":[{"count":3,"href":"https:\/\/www.migration-macht-gesellschaft.de\/es\/wp-json\/wp\/v2\/pages\/3160\/revisions"}],"predecessor-version":[{"id":6185,"href":"https:\/\/www.migration-macht-gesellschaft.de\/es\/wp-json\/wp\/v2\/pages\/3160\/revisions\/6185"}],"up":[{"embeddable":true,"href":"https:\/\/www.migration-macht-gesellschaft.de\/es\/wp-json\/wp\/v2\/pages\/732"}],"wp:attachment":[{"href":"https:\/\/www.migration-macht-gesellschaft.de\/es\/wp-json\/wp\/v2\/media?parent=3160"}],"curies":[{"name":"wp","href":"https:\/\/api.w.org\/{rel}","templated":true}]}}

<div id='full_slider_1'  class='avia-fullwidth-slider main_color avia-shadow   avia-builder-el-0  el_before_av_image  avia-builder-el-first   container_wrap fullsize' style=' '  ><div   data-size='no scaling'  data-lightbox_size='large'  data-animation='slide'  data-conditional_play=''  data-ids='4776'  data-video_counter='0'  data-autoplay='false'  data-bg_slider='false'  data-slide_height=''  data-handle='av_slideshow_full'  data-interval='5'  data-class=' '  data-el_id=''  data-css_id=''  data-scroll_down=''  data-control_layout='av-control-default'  data-custom_markup=''  data-perma_caption='aviaTBperma_caption'  data-autoplay_stopper=''  data-image_attachment=''  data-min_height='160px'  data-src=''  data-position='top left'  data-repeat='no-repeat'  data-attach='scroll'  data-stretch=''  class='avia-slideshow avia-slideshow-1  av-control-default av-default-height-applied avia-slideshow-no scaling av_slideshow_full   avia-slide-slider '  itemprop="image" itemscope="itemscope" itemtype="https://schema.org/ImageObject" ><ul class='avia-slideshow-inner ' style='padding-bottom: 22.5%;' ><li  class=' av-single-slide slide-1 ' ><div data-rel='slideshow-1' class='avia-slide-wrap '   ><img src='https://www.migration-macht-gesellschaft.de/wp-content/uploads/2023/05/Banner-MMDM-2000-×-450-px.png' width='2000' height='450' title='Banner MMDM (2000 × 450 px)' alt=''  itemprop="thumbnailUrl"  style='min-height:160px; min-width:712px; ' /></div></li></ul></div></div><div id='after_full_slider_1'  class='main_color av_default_container_wrap container_wrap fullsize' style=' '  ><div class='container' ><div class='template-page content  av-content-full alpha units'><div class='post-entry post-entry-type-page post-entry-3160'><div class='entry-content-wrapper clearfix'>
<div  class='avia-image-container  av-styling-    avia-builder-el-1  el_after_av_slideshow_full  el_before_av_hr  avia-builder-el-first  avia-align-left '  itemprop="image" itemscope="itemscope" itemtype="https://schema.org/ImageObject"  ><div class='avia-image-container-inner'><div class='avia-image-overlay-wrap'><img class='avia_image' src='https://www.migration-macht-gesellschaft.de/wp-content/uploads/2022/10/mmdm_01.jpg' alt='' title='mmdm_01' height="240" width="240"  itemprop="thumbnailUrl"  /></div></div></div>
<div  style='height:30px' class='hr hr-invisible   avia-builder-el-2  el_after_av_image  el_before_av_textblock '><span class='hr-inner ' ><span class='hr-inner-style'></span></span></div>
<section class="av_textblock_section "  itemscope="itemscope" itemtype="https://schema.org/CreativeWork" ><div class='avia_textblock  '   itemprop="text" ><p>El proyecto <strong>Migration.macht.digitale.Medien</strong> reúne a las personas independientemente de sus diversos orígenes y da forma al espacio digital abordando cuestiones sociales, especialmente las específicas de la migración.</p>
<p>El proyecto creará podcasts, vídeos de YouTube, carretes de Instagram y campañas fotográficas. Los medios sociales y digitales se utilizarán específicamente con una postura crítica hacia el racismo para dar a los grupos marginados, así como a los grupos que recientemente han comenzado su vida en Alemania, la oportunidad de presentar sus puntos de vista al público. Las personas interesadas aprenden las habilidades necesarias a través de talleres creativos. Edición de vídeo y audio, cursos de fotografía o reportajes fotográficos con sensibilidad a la discriminación: todos los conocimientos necesarios se aprenden de forma lúdica en seminarios.</p>
<p>Además de los talleres, se celebran reuniones de intercambio y excursiones. Se asiste a conferencias especializadas, se organizan proyecciones de películas y se realizan viajes de encuentro.</p>
<p><strong>Migration.macht.digitale.Medien</strong> está financiado por el programa federal «Gesellschaftlicher Zusammenhalt» (Cohesión Social) en nombre del Ministerio Federal del Interior y Asuntos Internos (BMI). El programa federal se concibe a sí mismo como un programa de apoyo a la sociedad en su conjunto, que aspira a tener un impacto positivo duradero en la diversa convivencia en ciudades y municipios.</p>
<p>El proyecto está dirigido por Silas Meyer. Silas es licenciado en ciencias sociales y lleva varios años trabajando en el contexto de la educación política y la lucha contra la discriminación.</p>
<p><strong>Migration.macht.digitale.Medien</strong> está abierto a todas las personas interesadas en los medios digitales. Los conocimientos previos no son un requisito indispensable. Queremos reunir deliberadamente a personas con y sin biografías internacionales.</p>
<p>¡Escríbenos y participa!</p>
</div></section>
<div class="flex_column av_one_half  flex_column_div av-zero-column-padding first  avia-builder-el-4  el_after_av_textblock  el_before_av_one_half  column-top-margin" style='border-radius:0px; '><section class="av_textblock_section "  itemscope="itemscope" itemtype="https://schema.org/CreativeWork" ><div class='avia_textblock  '   itemprop="text" ><p><strong>Contacte con</strong><br />
Migration macht Gesellschaft e.V.<br />
Schwanthalerstraße 80<br />
80336 München</p>
<p>s.meyer@migration-macht-gesellschaft.de<br />
tel.: +49 (0) 17684940060</p>
</div></section></div>
<div class="flex_column av_one_half  flex_column_div av-zero-column-padding   avia-builder-el-6  el_after_av_one_half  avia-builder-el-last  column-top-margin" style='border-radius:0px; '><div  class='avia-image-container  av-styling-    avia-builder-el-7  avia-builder-el-no-sibling  avia-align-left '  itemprop="image" itemscope="itemscope" itemtype="https://schema.org/ImageObject"  ><div class='avia-image-container-inner'><div class='avia-image-overlay-wrap'><img class='avia_image' src='https://www.migration-macht-gesellschaft.de/wp-content/uploads/2022/09/211228_gefoerdert-bmi_bundesprogramm01.jpg' alt='' title='211228_gefoerdert-bmi_bundesprogramm01' height="243" width="380"  itemprop="thumbnailUrl"  /></div></div></div></div>
