{"id":747,"date":"2020-06-10T18:33:06","date_gmt":"2020-06-10T16:33:06","guid":{"rendered":"https:\/\/www.migration-macht-gesellschaft.de\/events\/volunteer\/"},"modified":"2021-04-17T11:43:13","modified_gmt":"2021-04-17T09:43:13","slug":"volunteer","status":"publish","type":"page","link":"https:\/\/www.migration-macht-gesellschaft.de\/es\/events\/volunteer\/","title":{"rendered":"Hazte Voluntario"},"content":{"rendered":"<div id='full_slider_1'  class='avia-fullwidth-slider main_color avia-shadow   avia-builder-el-0  el_before_av_textblock  avia-builder-el-first   container_wrap fullsize' style=' '  ><div   data-size='no scaling'  data-lightbox_size='large'  data-animation='slide'  data-conditional_play=''  data-ids='69'  data-video_counter='0'  data-autoplay='false'  data-bg_slider='false'  data-slide_height=''  data-handle='av_slideshow_full'  data-interval='5'  data-class=' '  data-el_id=''  data-css_id=''  data-scroll_down=''  data-control_layout='av-control-default'  data-custom_markup=''  data-perma_caption='aviaTBperma_caption'  data-autoplay_stopper=''  data-image_attachment=''  data-min_height='160px'  data-src=''  data-position='top left'  data-repeat='no-repeat'  data-attach='scroll'  data-stretch=''  class='avia-slideshow avia-slideshow-1  av-control-default av-default-height-applied avia-slideshow-no scaling av_slideshow_full   avia-slide-slider '  itemprop=\"image\" itemscope=\"itemscope\" itemtype=\"https:\/\/schema.org\/ImageObject\" ><ul class='avia-slideshow-inner ' style='padding-bottom: 18.571428571429%;' ><li  class=' av-single-slide slide-1 ' ><div data-rel='slideshow-1' class='avia-slide-wrap '   ><img src='https:\/\/www.migration-macht-gesellschaft.de\/wp-content\/uploads\/2020\/06\/testheader01.jpg' width='1400' height='260' title='testheader01' alt=''  itemprop=\"thumbnailUrl\"  style='min-height:160px; min-width:862px; ' \/><\/div><\/li><\/ul><div class = \"caption_fullwidth av-slideshow-caption caption_bottom caption_bottom_framed caption_framed\"><div class = \"container caption_container\"><div class = \"slideshow_caption\"><div class = \"slideshow_inner_caption\"><div class = \"slideshow_align_caption\"><span  class='avia-caption-title  '  itemprop=\"name\" >informativo.cr\u00edtico.din\u00e1mico<\/span><\/div><\/div><\/div><\/div><\/div><\/div><\/div><div id='after_full_slider_1'  class='main_color av_default_container_wrap container_wrap fullsize' style=' '  ><div class='container' ><div class='template-page content  av-content-full alpha units'><div class='post-entry post-entry-type-page post-entry-747'><div class='entry-content-wrapper clearfix'>\n<section class=\"av_textblock_section \"  itemscope=\"itemscope\" itemtype=\"https:\/\/schema.org\/CreativeWork\" ><div class='avia_textblock  '   itemprop=\"text\" ><h2>Hazte Voluntario<\/h2>\n<p>\u00a1Participa!<\/p>\n<ul>\n<li>Visita nuestros eventos<\/li>\n<li>Visita nuestras reuniones de equipo. Las reuniones del equipo est\u00e1n abiertas a todos los interesados. Aqu\u00ed planificamos nuestros eventos y discutimos temas relacionados con el contenido. Consulta las fechas en info@migration-macht-gesellschaft.de<\/li>\n<li>Hazte miembro de nuestra asociaci\u00f3n. De este modo, apoyas nuestra labor mediante aportaciones econ\u00f3micas peri\u00f3dicas.<\/li>\n<li>Dona a la asociaci\u00f3n. Con su donaci\u00f3n ayuda a cubrir los costos de los eventos, por ejemplo. Se trata de gastos como los de impresi\u00f3n de las invitaciones, gastos de viaje, alojamiento y comida de los ponentes, honorarios de los artistas, material informativo y mucho m\u00e1s.<\/li>\n<\/ul>\n<h2>Contacto<\/h2>\n<p>Migration macht Gesellschaft e.V.<br \/>\nSchwanthalerstra\u00dfe 80<br \/>\n80336 Mu\u0308nchen<\/p>\n<p>info@migration-macht-gesellschaft.de<br \/>\ntel.: +49 (0)89 85 63 75 21<\/p>\n<\/div><\/section>\n","protected":false},"excerpt":{"rendered":"","protected":false},"author":1,"featured_media":0,"parent":732,"menu_order":5,"comment_status":"closed","ping_status":"closed","template":"","meta":{"footnotes":""},"class_list":["post-747","page","type-page","status-publish","hentry"],"_links":{"self":[{"href":"https:\/\/www.migration-macht-gesellschaft.de\/es\/wp-json\/wp\/v2\/pages\/747","targetHints":{"allow":["GET"]}}],"collection":[{"href":"https:\/\/www.migration-macht-gesellschaft.de\/es\/wp-json\/wp\/v2\/pages"}],"about":[{"href":"https:\/\/www.migration-macht-gesellschaft.de\/es\/wp-json\/wp\/v2\/types\/page"}],"author":[{"embeddable":true,"href":"https:\/\/www.migration-macht-gesellschaft.de\/es\/wp-json\/wp\/v2\/users\/1"}],"replies":[{"embeddable":true,"href":"https:\/\/www.migration-macht-gesellschaft.de\/es\/wp-json\/wp\/v2\/comments?post=747"}],"version-history":[{"count":2,"href":"https:\/\/www.migration-macht-gesellschaft.de\/es\/wp-json\/wp\/v2\/pages\/747\/revisions"}],"predecessor-version":[{"id":2839,"href":"https:\/\/www.migration-macht-gesellschaft.de\/es\/wp-json\/wp\/v2\/pages\/747\/revisions\/2839"}],"up":[{"embeddable":true,"href":"https:\/\/www.migration-macht-gesellschaft.de\/es\/wp-json\/wp\/v2\/pages\/732"}],"wp:attachment":[{"href":"https:\/\/www.migration-macht-gesellschaft.de\/es\/wp-json\/wp\/v2\/media?parent=747"}],"curies":[{"name":"wp","href":"https:\/\/api.w.org\/{rel}","templated":true}]}}

<div id='full_slider_1'  class='avia-fullwidth-slider main_color avia-shadow   avia-builder-el-0  el_before_av_textblock  avia-builder-el-first   container_wrap fullsize' style=' '  ><div   data-size='no scaling'  data-lightbox_size='large'  data-animation='slide'  data-conditional_play=''  data-ids='69'  data-video_counter='0'  data-autoplay='false'  data-bg_slider='false'  data-slide_height=''  data-handle='av_slideshow_full'  data-interval='5'  data-class=' '  data-el_id=''  data-css_id=''  data-scroll_down=''  data-control_layout='av-control-default'  data-custom_markup=''  data-perma_caption='aviaTBperma_caption'  data-autoplay_stopper=''  data-image_attachment=''  data-min_height='160px'  data-src=''  data-position='top left'  data-repeat='no-repeat'  data-attach='scroll'  data-stretch=''  class='avia-slideshow avia-slideshow-1  av-control-default av-default-height-applied avia-slideshow-no scaling av_slideshow_full   avia-slide-slider '  itemprop="image" itemscope="itemscope" itemtype="https://schema.org/ImageObject" ><ul class='avia-slideshow-inner ' style='padding-bottom: 18.571428571429%;' ><li  class=' av-single-slide slide-1 ' ><div data-rel='slideshow-1' class='avia-slide-wrap '   ><img src='https://www.migration-macht-gesellschaft.de/wp-content/uploads/2020/06/testheader01.jpg' width='1400' height='260' title='testheader01' alt=''  itemprop="thumbnailUrl"  style='min-height:160px; min-width:862px; ' /></div></li></ul><div class = "caption_fullwidth av-slideshow-caption caption_bottom caption_bottom_framed caption_framed"><div class = "container caption_container"><div class = "slideshow_caption"><div class = "slideshow_inner_caption"><div class = "slideshow_align_caption"><span  class='avia-caption-title  '  itemprop="name" >informativo.crítico.dinámico</span></div></div></div></div></div></div></div><div id='after_full_slider_1'  class='main_color av_default_container_wrap container_wrap fullsize' style=' '  ><div class='container' ><div class='template-page content  av-content-full alpha units'><div class='post-entry post-entry-type-page post-entry-747'><div class='entry-content-wrapper clearfix'>
<section class="av_textblock_section "  itemscope="itemscope" itemtype="https://schema.org/CreativeWork" ><div class='avia_textblock  '   itemprop="text" ><h2>Hazte Voluntario</h2>
<p>¡Participa!</p>
<ul>
<li>Visita nuestros eventos</li>
<li>Visita nuestras reuniones de equipo. Las reuniones del equipo están abiertas a todos los interesados. Aquí planificamos nuestros eventos y discutimos temas relacionados con el contenido. Consulta las fechas en info@migration-macht-gesellschaft.de</li>
<li>Hazte miembro de nuestra asociación. De este modo, apoyas nuestra labor mediante aportaciones económicas periódicas.</li>
<li>Dona a la asociación. Con su donación ayuda a cubrir los costos de los eventos, por ejemplo. Se trata de gastos como los de impresión de las invitaciones, gastos de viaje, alojamiento y comida de los ponentes, honorarios de los artistas, material informativo y mucho más.</li>
</ul>
<h2>Contacto</h2>
<p>Migration macht Gesellschaft e.V.<br />
Schwanthalerstraße 80<br />
80336 München</p>
<p>info@migration-macht-gesellschaft.de<br />
tel.: +49 (0)89 85 63 75 21</p>
</div></section>
