{"id":761,"date":"2020-06-10T18:33:37","date_gmt":"2020-06-10T16:33:37","guid":{"rendered":"https:\/\/www.migration-macht-gesellschaft.de\/rechtshilfe-muenchen-ev\/"},"modified":"2026-01-05T11:51:54","modified_gmt":"2026-01-05T10:51:54","slug":"formulario-de-inscripcion","status":"publish","type":"page","link":"https:\/\/www.migration-macht-gesellschaft.de\/es\/our-advisory\/formulario-de-inscripcion\/","title":{"rendered":"Formulario de inscripci\u00f3n"},"content":{"rendered":"<div id='full_slider_1'  class='avia-fullwidth-slider main_color avia-shadow   avia-builder-el-0  el_before_av_one_full  avia-builder-el-first   container_wrap fullsize' style=' '  ><div   data-size='no scaling'  data-lightbox_size='large'  data-animation='slide'  data-conditional_play=''  data-ids='69'  data-video_counter='0'  data-autoplay='false'  data-bg_slider='false'  data-slide_height=''  data-handle='av_slideshow_full'  data-interval='5'  data-class=' '  data-el_id=''  data-css_id=''  data-scroll_down=''  data-control_layout='av-control-default'  data-custom_markup=''  data-perma_caption='aviaTBperma_caption'  data-autoplay_stopper=''  data-image_attachment=''  data-min_height='160px'  data-src=''  data-position='top left'  data-repeat='no-repeat'  data-attach='scroll'  data-stretch=''  class='avia-slideshow avia-slideshow-1  av-control-default av-default-height-applied avia-slideshow-no scaling av_slideshow_full   avia-slide-slider '  itemprop=\"image\" itemscope=\"itemscope\" itemtype=\"https:\/\/schema.org\/ImageObject\" ><ul class='avia-slideshow-inner ' style='padding-bottom: 18.571428571429%;' ><li  class=' av-single-slide slide-1 ' ><div data-rel='slideshow-1' class='avia-slide-wrap '   ><img src='https:\/\/www.migration-macht-gesellschaft.de\/wp-content\/uploads\/2020\/06\/testheader01.jpg' width='1400' height='260' title='testheader01' alt=''  itemprop=\"thumbnailUrl\"  style='min-height:160px; min-width:862px; ' \/><\/div><\/li><\/ul><div class = \"caption_fullwidth av-slideshow-caption caption_bottom caption_bottom_framed caption_framed\"><div class = \"container caption_container\"><div class = \"slideshow_caption\"><div class = \"slideshow_inner_caption\"><div class = \"slideshow_align_caption\"><span  class='avia-caption-title  '  itemprop=\"name\" >aconsenjando. entendiendo.interactuando<\/span><\/div><\/div><\/div><\/div><\/div><\/div><\/div><div id='after_full_slider_1'  class='main_color av_default_container_wrap container_wrap fullsize' style=' '  ><div class='container' ><div class='template-page content  av-content-full alpha units'><div class='post-entry post-entry-type-page post-entry-761'><div class='entry-content-wrapper clearfix'>\n<div class=\"flex_column av_one_full  flex_column_div av-zero-column-padding first  avia-builder-el-1  el_after_av_slideshow_full  avia-builder-el-no-sibling  \" style='border-radius:0px; '><section class=\"av_textblock_section \"  itemscope=\"itemscope\" itemtype=\"https:\/\/schema.org\/CreativeWork\" ><div class='avia_textblock  '   itemprop=\"text\" ><h2 style=\"text-align: left;\" align=\"center\"><span style=\"color: #000000;\"><b>Asesor\u00edas sobre asilo y residencia<\/b><\/span><\/h2>\n<h3 style=\"text-align: left;\" align=\"center\"><span style=\"color: #3366ff;\">El asesoramiento jur\u00eddico s\u00f3lo est\u00e1 disponible previa inscripci\u00f3n.<\/span><\/h3>\n<p>El asesoramiento jur\u00eddico en materia de derecho de asilo y residencia puede realizarse en persona en EineWeltHaus (Schwanthalerstra\u00dfe 80) los martes de 18:00h a 20:00h, as\u00ed como por tel\u00e9fono.<\/p>\n<p>Para concertar una cita de asesoramiento con nosotros, rellene nuestro formulario de inscripci\u00f3n. En breve nos pondremos en contacto con usted.<\/p>\n<h6>Tenga en cuenta lo siguiente:<\/h6>\n<p>Actualmente estamos recibiendo muchas consultas. Nuestra asistencia jur\u00eddica es un servicio voluntario. Damos prioridad a las citas para personas que no pueden permitirse una consulta (inicial) con un abogado. Estaremos encantados de enviarle una lista de abogados especializados en derecho de asilo\/residencia y migraci\u00f3n.<\/p>\n<\/div><\/section><br \/>\n<div   class='hr hr-default   avia-builder-el-3  el_after_av_textblock  el_before_av_codeblock '><span class='hr-inner ' ><span class='hr-inner-style'><\/span><\/span><\/div><br \/>\n<\/p><\/div>\n","protected":false},"excerpt":{"rendered":"","protected":false},"author":1,"featured_media":0,"parent":778,"menu_order":5,"comment_status":"closed","ping_status":"closed","template":"","meta":{"footnotes":""},"class_list":["post-761","page","type-page","status-publish","hentry"],"_links":{"self":[{"href":"https:\/\/www.migration-macht-gesellschaft.de\/es\/wp-json\/wp\/v2\/pages\/761","targetHints":{"allow":["GET"]}}],"collection":[{"href":"https:\/\/www.migration-macht-gesellschaft.de\/es\/wp-json\/wp\/v2\/pages"}],"about":[{"href":"https:\/\/www.migration-macht-gesellschaft.de\/es\/wp-json\/wp\/v2\/types\/page"}],"author":[{"embeddable":true,"href":"https:\/\/www.migration-macht-gesellschaft.de\/es\/wp-json\/wp\/v2\/users\/1"}],"replies":[{"embeddable":true,"href":"https:\/\/www.migration-macht-gesellschaft.de\/es\/wp-json\/wp\/v2\/comments?post=761"}],"version-history":[{"count":14,"href":"https:\/\/www.migration-macht-gesellschaft.de\/es\/wp-json\/wp\/v2\/pages\/761\/revisions"}],"predecessor-version":[{"id":11708,"href":"https:\/\/www.migration-macht-gesellschaft.de\/es\/wp-json\/wp\/v2\/pages\/761\/revisions\/11708"}],"up":[{"embeddable":true,"href":"https:\/\/www.migration-macht-gesellschaft.de\/es\/wp-json\/wp\/v2\/pages\/778"}],"wp:attachment":[{"href":"https:\/\/www.migration-macht-gesellschaft.de\/es\/wp-json\/wp\/v2\/media?parent=761"}],"curies":[{"name":"wp","href":"https:\/\/api.w.org\/{rel}","templated":true}]}}

Formulario de inscripción

<div id='full_slider_1'  class='avia-fullwidth-slider main_color avia-shadow   avia-builder-el-0  el_before_av_one_full  avia-builder-el-first   container_wrap fullsize' style=' '  ><div   data-size='no scaling'  data-lightbox_size='large'  data-animation='slide'  data-conditional_play=''  data-ids='69'  data-video_counter='0'  data-autoplay='false'  data-bg_slider='false'  data-slide_height=''  data-handle='av_slideshow_full'  data-interval='5'  data-class=' '  data-el_id=''  data-css_id=''  data-scroll_down=''  data-control_layout='av-control-default'  data-custom_markup=''  data-perma_caption='aviaTBperma_caption'  data-autoplay_stopper=''  data-image_attachment=''  data-min_height='160px'  data-src=''  data-position='top left'  data-repeat='no-repeat'  data-attach='scroll'  data-stretch=''  class='avia-slideshow avia-slideshow-1  av-control-default av-default-height-applied avia-slideshow-no scaling av_slideshow_full   avia-slide-slider '  itemprop="image" itemscope="itemscope" itemtype="https://schema.org/ImageObject" ><ul class='avia-slideshow-inner ' style='padding-bottom: 18.571428571429%;' ><li  class=' av-single-slide slide-1 ' ><div data-rel='slideshow-1' class='avia-slide-wrap '   ><img src='https://www.migration-macht-gesellschaft.de/wp-content/uploads/2020/06/testheader01.jpg' width='1400' height='260' title='testheader01' alt=''  itemprop="thumbnailUrl"  style='min-height:160px; min-width:862px; ' /></div></li></ul><div class = "caption_fullwidth av-slideshow-caption caption_bottom caption_bottom_framed caption_framed"><div class = "container caption_container"><div class = "slideshow_caption"><div class = "slideshow_inner_caption"><div class = "slideshow_align_caption"><span  class='avia-caption-title  '  itemprop="name" >aconsenjando. entendiendo.interactuando</span></div></div></div></div></div></div></div><div id='after_full_slider_1'  class='main_color av_default_container_wrap container_wrap fullsize' style=' '  ><div class='container' ><div class='template-page content  av-content-full alpha units'><div class='post-entry post-entry-type-page post-entry-761'><div class='entry-content-wrapper clearfix'>
<div class="flex_column av_one_full  flex_column_div av-zero-column-padding first  avia-builder-el-1  el_after_av_slideshow_full  avia-builder-el-no-sibling  " style='border-radius:0px; '><section class="av_textblock_section "  itemscope="itemscope" itemtype="https://schema.org/CreativeWork" ><div class='avia_textblock  '   itemprop="text" ><h2 style="text-align: left;" align="center"><span style="color: #000000;"><b>Asesorías sobre asilo y residencia</b></span></h2>
<h3 style="text-align: left;" align="center"><span style="color: #3366ff;">El asesoramiento jurídico sólo está disponible previa inscripción.</span></h3>
<p>El asesoramiento jurídico en materia de derecho de asilo y residencia puede realizarse en persona en EineWeltHaus (Schwanthalerstraße 80) los martes de 18:00h a 20:00h, así como por teléfono.</p>
<p>Para concertar una cita de asesoramiento con nosotros, rellene nuestro formulario de inscripción. En breve nos pondremos en contacto con usted.</p>
<h6>Tenga en cuenta lo siguiente:</h6>
<p>Actualmente estamos recibiendo muchas consultas. Nuestra asistencia jurídica es un servicio voluntario. Damos prioridad a las citas para personas que no pueden permitirse una consulta (inicial) con un abogado. Estaremos encantados de enviarle una lista de abogados especializados en derecho de asilo/residencia y migración.</p>
</div></section><br />
<div   class='hr hr-default   avia-builder-el-3  el_after_av_textblock  el_before_av_codeblock '><span class='hr-inner ' ><span class='hr-inner-style'></span></span></div><br />
</p></div>
