{"id":746,"date":"2020-06-10T18:33:06","date_gmt":"2020-06-10T16:33:06","guid":{"rendered":"https:\/\/www.migration-macht-gesellschaft.de\/manifestations-culturelles\/volunteer\/"},"modified":"2022-09-09T13:49:33","modified_gmt":"2022-09-09T11:49:33","slug":"agir-en-nous-aidant","status":"publish","type":"page","link":"https:\/\/www.migration-macht-gesellschaft.de\/fr\/manifestations-culturelles\/agir-en-nous-aidant\/","title":{"rendered":"Agir en nous aidant"},"content":{"rendered":"<div id='full_slider_1'  class='avia-fullwidth-slider main_color avia-shadow   avia-builder-el-0  el_before_av_textblock  avia-builder-el-first   container_wrap fullsize' style=' '  ><div   data-size='no scaling'  data-lightbox_size='large'  data-animation='slide'  data-conditional_play=''  data-ids='69'  data-video_counter='0'  data-autoplay='false'  data-bg_slider='false'  data-slide_height=''  data-handle='av_slideshow_full'  data-interval='5'  data-class=' '  data-el_id=''  data-css_id=''  data-scroll_down=''  data-control_layout='av-control-default'  data-custom_markup=''  data-perma_caption='aviaTBperma_caption'  data-autoplay_stopper=''  data-image_attachment=''  data-min_height='160px'  data-src=''  data-position='top left'  data-repeat='no-repeat'  data-attach='scroll'  data-stretch=''  class='avia-slideshow avia-slideshow-1  av-control-default av-default-height-applied avia-slideshow-no scaling av_slideshow_full   avia-slide-slider '  itemprop=\"image\" itemscope=\"itemscope\" itemtype=\"https:\/\/schema.org\/ImageObject\" ><ul class='avia-slideshow-inner ' style='padding-bottom: 18.571428571429%;' ><li  class=' av-single-slide slide-1 ' ><div data-rel='slideshow-1' class='avia-slide-wrap '   ><img src='https:\/\/www.migration-macht-gesellschaft.de\/wp-content\/uploads\/2020\/06\/testheader01.jpg' width='1400' height='260' title='testheader01' alt=''  itemprop=\"thumbnailUrl\"  style='min-height:160px; min-width:862px; ' \/><\/div><\/li><\/ul><div class = \"caption_fullwidth av-slideshow-caption caption_bottom caption_bottom_framed caption_framed\"><div class = \"container caption_container\"><div class = \"slideshow_caption\"><div class = \"slideshow_inner_caption\"><div class = \"slideshow_align_caption\"><span  class='avia-caption-title  '  itemprop=\"name\" >informatif.critique.vivant<\/span><\/div><\/div><\/div><\/div><\/div><\/div><\/div><div id='after_full_slider_1'  class='main_color av_default_container_wrap container_wrap fullsize' style=' '  ><div class='container' ><div class='template-page content  av-content-full alpha units'><div class='post-entry post-entry-type-page post-entry-746'><div class='entry-content-wrapper clearfix'>\n<section class=\"av_textblock_section \"  itemscope=\"itemscope\" itemtype=\"https:\/\/schema.org\/CreativeWork\" ><div class='avia_textblock  '   itemprop=\"text\" ><h2>Agir en nous aidant<\/h2>\n<p>Participez !<\/p>\n<p>\u2022 Assistez \u00e0 nos manifestations culturelles<\/p>\n<p>\u2022 Assistez \u00e0 nos ! r\u00e9unions d\u2019\u00e9quipe. Elles sont ouvertes \u00e0 toute personne int\u00e9ress\u00e9e. Lors de ces r\u00e9unions, nous planifions nos manifestations et discutons des sujets et th\u00e8mes.<br \/>\nPour les dates , consultez le site info@migration-macht-gesellschaft.de<\/p>\n<p>\u2022 Devenez membre de notre association ! Ainsi vous la soutenez par un apport financier r\u00e9gulier.<\/p>\n<p>\u2022 Faites un don \u00e0 l\u2019association ! Votre don aidera \u00e0 financer nos manifestations, par exemple en payant les frais d\u2019impression des invitations, le mat\u00e9riel d\u2019information ainsi que les frais de d\u00e9placement et d\u2019h\u00e9bergement des intervenants et intervenantes ou les honoraires des artistes.<\/p>\n<h2>Contact<\/h2>\n<p>Migration macht Gesellschaft e.V.<br \/>\nSchwanthalerstra\u00dfe 80<br \/>\n80336 Mu\u0308nchen<\/p>\n<p>info@migration-macht-gesellschaft.de<br \/>\ntel.: +49 (0)89 85 63 75 21<\/p>\n<\/div><\/section>\n","protected":false},"excerpt":{"rendered":"","protected":false},"author":1,"featured_media":0,"parent":731,"menu_order":5,"comment_status":"closed","ping_status":"closed","template":"","meta":{"footnotes":""},"class_list":["post-746","page","type-page","status-publish","hentry"],"_links":{"self":[{"href":"https:\/\/www.migration-macht-gesellschaft.de\/fr\/wp-json\/wp\/v2\/pages\/746","targetHints":{"allow":["GET"]}}],"collection":[{"href":"https:\/\/www.migration-macht-gesellschaft.de\/fr\/wp-json\/wp\/v2\/pages"}],"about":[{"href":"https:\/\/www.migration-macht-gesellschaft.de\/fr\/wp-json\/wp\/v2\/types\/page"}],"author":[{"embeddable":true,"href":"https:\/\/www.migration-macht-gesellschaft.de\/fr\/wp-json\/wp\/v2\/users\/1"}],"replies":[{"embeddable":true,"href":"https:\/\/www.migration-macht-gesellschaft.de\/fr\/wp-json\/wp\/v2\/comments?post=746"}],"version-history":[{"count":5,"href":"https:\/\/www.migration-macht-gesellschaft.de\/fr\/wp-json\/wp\/v2\/pages\/746\/revisions"}],"predecessor-version":[{"id":2837,"href":"https:\/\/www.migration-macht-gesellschaft.de\/fr\/wp-json\/wp\/v2\/pages\/746\/revisions\/2837"}],"up":[{"embeddable":true,"href":"https:\/\/www.migration-macht-gesellschaft.de\/fr\/wp-json\/wp\/v2\/pages\/731"}],"wp:attachment":[{"href":"https:\/\/www.migration-macht-gesellschaft.de\/fr\/wp-json\/wp\/v2\/media?parent=746"}],"curies":[{"name":"wp","href":"https:\/\/api.w.org\/{rel}","templated":true}]}}

<div id='full_slider_1'  class='avia-fullwidth-slider main_color avia-shadow   avia-builder-el-0  el_before_av_textblock  avia-builder-el-first   container_wrap fullsize' style=' '  ><div   data-size='no scaling'  data-lightbox_size='large'  data-animation='slide'  data-conditional_play=''  data-ids='69'  data-video_counter='0'  data-autoplay='false'  data-bg_slider='false'  data-slide_height=''  data-handle='av_slideshow_full'  data-interval='5'  data-class=' '  data-el_id=''  data-css_id=''  data-scroll_down=''  data-control_layout='av-control-default'  data-custom_markup=''  data-perma_caption='aviaTBperma_caption'  data-autoplay_stopper=''  data-image_attachment=''  data-min_height='160px'  data-src=''  data-position='top left'  data-repeat='no-repeat'  data-attach='scroll'  data-stretch=''  class='avia-slideshow avia-slideshow-1  av-control-default av-default-height-applied avia-slideshow-no scaling av_slideshow_full   avia-slide-slider '  itemprop="image" itemscope="itemscope" itemtype="https://schema.org/ImageObject" ><ul class='avia-slideshow-inner ' style='padding-bottom: 18.571428571429%;' ><li  class=' av-single-slide slide-1 ' ><div data-rel='slideshow-1' class='avia-slide-wrap '   ><img src='https://www.migration-macht-gesellschaft.de/wp-content/uploads/2020/06/testheader01.jpg' width='1400' height='260' title='testheader01' alt=''  itemprop="thumbnailUrl"  style='min-height:160px; min-width:862px; ' /></div></li></ul><div class = "caption_fullwidth av-slideshow-caption caption_bottom caption_bottom_framed caption_framed"><div class = "container caption_container"><div class = "slideshow_caption"><div class = "slideshow_inner_caption"><div class = "slideshow_align_caption"><span  class='avia-caption-title  '  itemprop="name" >informatif.critique.vivant</span></div></div></div></div></div></div></div><div id='after_full_slider_1'  class='main_color av_default_container_wrap container_wrap fullsize' style=' '  ><div class='container' ><div class='template-page content  av-content-full alpha units'><div class='post-entry post-entry-type-page post-entry-746'><div class='entry-content-wrapper clearfix'>
<section class="av_textblock_section "  itemscope="itemscope" itemtype="https://schema.org/CreativeWork" ><div class='avia_textblock  '   itemprop="text" ><h2>Agir en nous aidant</h2>
<p>Participez !</p>
<p>• Assistez à nos manifestations culturelles</p>
<p>• Assistez à nos ! réunions d’équipe. Elles sont ouvertes à toute personne intéressée. Lors de ces réunions, nous planifions nos manifestations et discutons des sujets et thèmes.<br />
Pour les dates , consultez le site info@migration-macht-gesellschaft.de</p>
<p>• Devenez membre de notre association ! Ainsi vous la soutenez par un apport financier régulier.</p>
<p>• Faites un don à l’association ! Votre don aidera à financer nos manifestations, par exemple en payant les frais d’impression des invitations, le matériel d’information ainsi que les frais de déplacement et d’hébergement des intervenants et intervenantes ou les honoraires des artistes.</p>
<h2>Contact</h2>
<p>Migration macht Gesellschaft e.V.<br />
Schwanthalerstraße 80<br />
80336 München</p>
<p>info@migration-macht-gesellschaft.de<br />
tel.: +49 (0)89 85 63 75 21</p>
</div></section>
