{"id":748,"date":"2020-06-10T18:33:06","date_gmt":"2020-06-10T16:33:06","guid":{"rendered":"https:\/\/www.migration-macht-gesellschaft.de\/events\/volunteer\/"},"modified":"2021-12-22T13:17:15","modified_gmt":"2021-12-22T12:17:15","slug":"aktif-ol","status":"publish","type":"page","link":"https:\/\/www.migration-macht-gesellschaft.de\/tr\/etkinlikler\/aktif-ol\/","title":{"rendered":"Aktif Ol"},"content":{"rendered":"<div id='full_slider_1'  class='avia-fullwidth-slider main_color avia-shadow   avia-builder-el-0  el_before_av_textblock  avia-builder-el-first   container_wrap fullsize' style=' '  ><div   data-size='no scaling'  data-lightbox_size='large'  data-animation='slide'  data-conditional_play=''  data-ids='69'  data-video_counter='0'  data-autoplay='false'  data-bg_slider='false'  data-slide_height=''  data-handle='av_slideshow_full'  data-interval='5'  data-class=' '  data-el_id=''  data-css_id=''  data-scroll_down=''  data-control_layout='av-control-default'  data-custom_markup=''  data-perma_caption='aviaTBperma_caption'  data-autoplay_stopper=''  data-image_attachment=''  data-min_height='160px'  data-src=''  data-position='top left'  data-repeat='no-repeat'  data-attach='scroll'  data-stretch=''  class='avia-slideshow avia-slideshow-1  av-control-default av-default-height-applied avia-slideshow-no scaling av_slideshow_full   avia-slide-slider '  itemprop=\"image\" itemscope=\"itemscope\" itemtype=\"https:\/\/schema.org\/ImageObject\" ><ul class='avia-slideshow-inner ' style='padding-bottom: 18.571428571429%;' ><li  class=' av-single-slide slide-1 ' ><div data-rel='slideshow-1' class='avia-slide-wrap '   ><img src='https:\/\/www.migration-macht-gesellschaft.de\/wp-content\/uploads\/2020\/06\/testheader01.jpg' width='1400' height='260' title='testheader01' alt=''  itemprop=\"thumbnailUrl\"  style='min-height:160px; min-width:862px; ' \/><\/div><\/li><\/ul><div class = \"caption_fullwidth av-slideshow-caption caption_bottom caption_bottom_framed caption_framed\"><div class = \"container caption_container\"><div class = \"slideshow_caption\"><div class = \"slideshow_inner_caption\"><div class = \"slideshow_align_caption\"><span  class='avia-caption-title  '  itemprop=\"name\" >Bilgilendirici. Ele\u015ftirel. Canl\u0131<\/span><\/div><\/div><\/div><\/div><\/div><\/div><\/div><div id='after_full_slider_1'  class='main_color av_default_container_wrap container_wrap fullsize' style=' '  ><div class='container' ><div class='template-page content  av-content-full alpha units'><div class='post-entry post-entry-type-page post-entry-748'><div class='entry-content-wrapper clearfix'>\n<section class=\"av_textblock_section \"  itemscope=\"itemscope\" itemtype=\"https:\/\/schema.org\/CreativeWork\" ><div class='avia_textblock  '   itemprop=\"text\" ><h1>aktif olmak<\/h1>\n<p>kat\u0131l\u0131n\u0131z!!<\/p>\n<ul>\n<li>Etkinliklerimizi ziyaret ediniz<\/li>\n<li>\u2022 Oturumlar\u0131m\u0131za kat\u0131l\u0131n. Bu oturumlar ilgilenen herkese a\u00e7\u0131kt\u0131r. Bu oturumlarda etkinliklerimizi planlar, i\u00e7eriklerini tart\u0131\u0219\u0131r\u0131z. Randevularinizi info@migration-macht-gesellschaft.de adresinden \u00f6\u011frenebilirsiniz.<\/li>\n<li>Derne\u011fimize \u00fcye olunuz. B\u00f6ylece faaliyetlerimizi d\u00fczenli mali katk\u0131larla destekliyebilirsiniz<\/li>\n<li>Derne\u011fimize ba\u011f\u0131\u0219ta bulunun. Ba\u011f\u0131\u0219lar\u0131n\u0131zla etkinliklerimizin giderlerini kar\u0219\u0131l\u0131klamam\u0131za katk\u0131da bulunursunuz. \u00d6rne\u011fin davetiyler, bildiriler i\u00e7in matbaa masraflar\u0131 gibi.<\/li>\n<li>Konusmac\u0131lar\u0131n yol, otel ve a\u011f\u0131rlama masraflar\u0131, sanatcilarin \u00fccretleri, bilgi materiyelleri vs.<\/li>\n<\/ul>\n<h1>Iletisim<\/h1>\n<p>Migration macht Gesellschaft e.V.<br \/>\nSchwanthalerstra\u00dfe 80<br \/>\n80336 Mu\u0308nchen<\/p>\n<p>info@migration-macht-gesellschaft.de<br \/>\ntel.: +49 (0)89 85 63 75 21<\/p>\n<\/div><\/section>\n","protected":false},"excerpt":{"rendered":"","protected":false},"author":1,"featured_media":0,"parent":733,"menu_order":5,"comment_status":"closed","ping_status":"closed","template":"","meta":{"footnotes":""},"class_list":["post-748","page","type-page","status-publish","hentry"],"_links":{"self":[{"href":"https:\/\/www.migration-macht-gesellschaft.de\/tr\/wp-json\/wp\/v2\/pages\/748","targetHints":{"allow":["GET"]}}],"collection":[{"href":"https:\/\/www.migration-macht-gesellschaft.de\/tr\/wp-json\/wp\/v2\/pages"}],"about":[{"href":"https:\/\/www.migration-macht-gesellschaft.de\/tr\/wp-json\/wp\/v2\/types\/page"}],"author":[{"embeddable":true,"href":"https:\/\/www.migration-macht-gesellschaft.de\/tr\/wp-json\/wp\/v2\/users\/1"}],"replies":[{"embeddable":true,"href":"https:\/\/www.migration-macht-gesellschaft.de\/tr\/wp-json\/wp\/v2\/comments?post=748"}],"version-history":[{"count":4,"href":"https:\/\/www.migration-macht-gesellschaft.de\/tr\/wp-json\/wp\/v2\/pages\/748\/revisions"}],"predecessor-version":[{"id":2840,"href":"https:\/\/www.migration-macht-gesellschaft.de\/tr\/wp-json\/wp\/v2\/pages\/748\/revisions\/2840"}],"up":[{"embeddable":true,"href":"https:\/\/www.migration-macht-gesellschaft.de\/tr\/wp-json\/wp\/v2\/pages\/733"}],"wp:attachment":[{"href":"https:\/\/www.migration-macht-gesellschaft.de\/tr\/wp-json\/wp\/v2\/media?parent=748"}],"curies":[{"name":"wp","href":"https:\/\/api.w.org\/{rel}","templated":true}]}}

<div id='full_slider_1'  class='avia-fullwidth-slider main_color avia-shadow   avia-builder-el-0  el_before_av_textblock  avia-builder-el-first   container_wrap fullsize' style=' '  ><div   data-size='no scaling'  data-lightbox_size='large'  data-animation='slide'  data-conditional_play=''  data-ids='69'  data-video_counter='0'  data-autoplay='false'  data-bg_slider='false'  data-slide_height=''  data-handle='av_slideshow_full'  data-interval='5'  data-class=' '  data-el_id=''  data-css_id=''  data-scroll_down=''  data-control_layout='av-control-default'  data-custom_markup=''  data-perma_caption='aviaTBperma_caption'  data-autoplay_stopper=''  data-image_attachment=''  data-min_height='160px'  data-src=''  data-position='top left'  data-repeat='no-repeat'  data-attach='scroll'  data-stretch=''  class='avia-slideshow avia-slideshow-1  av-control-default av-default-height-applied avia-slideshow-no scaling av_slideshow_full   avia-slide-slider '  itemprop="image" itemscope="itemscope" itemtype="https://schema.org/ImageObject" ><ul class='avia-slideshow-inner ' style='padding-bottom: 18.571428571429%;' ><li  class=' av-single-slide slide-1 ' ><div data-rel='slideshow-1' class='avia-slide-wrap '   ><img src='https://www.migration-macht-gesellschaft.de/wp-content/uploads/2020/06/testheader01.jpg' width='1400' height='260' title='testheader01' alt=''  itemprop="thumbnailUrl"  style='min-height:160px; min-width:862px; ' /></div></li></ul><div class = "caption_fullwidth av-slideshow-caption caption_bottom caption_bottom_framed caption_framed"><div class = "container caption_container"><div class = "slideshow_caption"><div class = "slideshow_inner_caption"><div class = "slideshow_align_caption"><span  class='avia-caption-title  '  itemprop="name" >Bilgilendirici. Eleştirel. Canlı</span></div></div></div></div></div></div></div><div id='after_full_slider_1'  class='main_color av_default_container_wrap container_wrap fullsize' style=' '  ><div class='container' ><div class='template-page content  av-content-full alpha units'><div class='post-entry post-entry-type-page post-entry-748'><div class='entry-content-wrapper clearfix'>
<section class="av_textblock_section "  itemscope="itemscope" itemtype="https://schema.org/CreativeWork" ><div class='avia_textblock  '   itemprop="text" ><h1>aktif olmak</h1>
<p>katılınız!!</p>
<ul>
<li>Etkinliklerimizi ziyaret ediniz</li>
<li>• Oturumlarımıza katılın. Bu oturumlar ilgilenen herkese açıktır. Bu oturumlarda etkinliklerimizi planlar, içeriklerini tartıșırız. Randevularinizi info@migration-macht-gesellschaft.de adresinden öğrenebilirsiniz.</li>
<li>Derneğimize üye olunuz. Böylece faaliyetlerimizi düzenli mali katkılarla destekliyebilirsiniz</li>
<li>Derneğimize bağıșta bulunun. Bağıșlarınızla etkinliklerimizin giderlerini karșılıklamamıza katkıda bulunursunuz. Örneğin davetiyler, bildiriler için matbaa masrafları gibi.</li>
<li>Konusmacıların yol, otel ve ağırlama masrafları, sanatcilarin ücretleri, bilgi materiyelleri vs.</li>
</ul>
<h1>Iletisim</h1>
<p>Migration macht Gesellschaft e.V.<br />
Schwanthalerstraße 80<br />
80336 München</p>
<p>info@migration-macht-gesellschaft.de<br />
tel.: +49 (0)89 85 63 75 21</p>
</div></section>
