{"id":763,"date":"2020-06-10T18:33:37","date_gmt":"2020-06-10T16:33:37","guid":{"rendered":"https:\/\/www.migration-macht-gesellschaft.de\/rechtshilfe-muenchen-ev\/"},"modified":"2026-01-05T11:52:14","modified_gmt":"2026-01-05T10:52:14","slug":"kayit-formu","status":"publish","type":"page","link":"https:\/\/www.migration-macht-gesellschaft.de\/tr\/genel-danismanlik\/kayit-formu\/","title":{"rendered":"Kay\u0131t formu"},"content":{"rendered":"<div id='full_slider_1'  class='avia-fullwidth-slider main_color avia-shadow   avia-builder-el-0  el_before_av_one_full  avia-builder-el-first   container_wrap fullsize' style=' '  ><div   data-size='no scaling'  data-lightbox_size='large'  data-animation='slide'  data-conditional_play=''  data-ids='69'  data-video_counter='0'  data-autoplay='false'  data-bg_slider='false'  data-slide_height=''  data-handle='av_slideshow_full'  data-interval='5'  data-class=' '  data-el_id=''  data-css_id=''  data-scroll_down=''  data-control_layout='av-control-default'  data-custom_markup=''  data-perma_caption='aviaTBperma_caption'  data-autoplay_stopper=''  data-image_attachment=''  data-min_height='160px'  data-src=''  data-position='top left'  data-repeat='no-repeat'  data-attach='scroll'  data-stretch=''  class='avia-slideshow avia-slideshow-1  av-control-default av-default-height-applied avia-slideshow-no scaling av_slideshow_full   avia-slide-slider '  itemprop=\"image\" itemscope=\"itemscope\" itemtype=\"https:\/\/schema.org\/ImageObject\" ><ul class='avia-slideshow-inner ' style='padding-bottom: 18.571428571429%;' ><li  class=' av-single-slide slide-1 ' ><div data-rel='slideshow-1' class='avia-slide-wrap '   ><img src='https:\/\/www.migration-macht-gesellschaft.de\/wp-content\/uploads\/2020\/06\/testheader01.jpg' width='1400' height='260' title='testheader01' alt=''  itemprop=\"thumbnailUrl\"  style='min-height:160px; min-width:862px; ' \/><\/div><\/li><\/ul><div class = \"caption_fullwidth av-slideshow-caption caption_bottom caption_bottom_framed caption_framed\"><div class = \"container caption_container\"><div class = \"slideshow_caption\"><div class = \"slideshow_inner_caption\"><div class = \"slideshow_align_caption\"><span  class='avia-caption-title  '  itemprop=\"name\" >Dani\u015farak. Kabul ederek . Etkile\u015fimli<\/span><\/div><\/div><\/div><\/div><\/div><\/div><\/div><div id='after_full_slider_1'  class='main_color av_default_container_wrap container_wrap fullsize' style=' '  ><div class='container' ><div class='template-page content  av-content-full alpha units'><div class='post-entry post-entry-type-page post-entry-763'><div class='entry-content-wrapper clearfix'>\n<div class=\"flex_column av_one_full  flex_column_div av-zero-column-padding first  avia-builder-el-1  el_after_av_slideshow_full  avia-builder-el-no-sibling  \" style='border-radius:0px; '><section class=\"av_textblock_section \"  itemscope=\"itemscope\" itemtype=\"https:\/\/schema.org\/CreativeWork\" ><div class='avia_textblock  av_inherit_color '  style='color:#000000; '  itemprop=\"text\" ><h2 style=\"text-align: left;\" align=\"center\"><strong>\u0130ltica ve ikamet konular\u0131nda dan\u0131\u015fmanl\u0131k<\/strong><\/h2>\n<h3 style=\"text-align: left;\" align=\"center\"><strong>Hukuki dan\u0131\u015fmanl\u0131k sadece randevu ile m\u00fcmk\u00fcnd\u00fcr!<\/strong><\/h3>\n<p>\u0130ltica ve ikamet hukuk konular\u0131nda hukuki dan\u0131\u015fmanl\u0131k, Sal\u0131 g\u00fcnleri 18:00-20:30 saatleri aras\u0131nda EineWeltHaus&#8217;ta (Schwanthalerstra\u00dfe 80) \u015fahsen veya telefonla yap\u0131lmaktad\u0131r.<\/p>\n<p>Bizden bir dan\u0131\u015fmanl\u0131k randevusu almak i\u00e7in l\u00fctfen a\u015fa\u011f\u0131daki kay\u0131t formumuzu doldurun. Size en k\u0131sa s\u00fcrede geri d\u00f6n\u00fc\u015f yap\u0131lacakt\u0131r!<\/p>\n<h6>L\u00fctfen unutmay\u0131n:<\/h6>\n<p>\u015eu anda \u00e7ok say\u0131da talep almaktay\u0131z. Sundu\u011fumuz hukuki yard\u0131m\u0131m\u0131z g\u00f6n\u00fcll\u00fc bir hizmettir ve randevu say\u0131m\u0131z bu nedenden dolay\u0131 k\u0131s\u0131tl\u0131d\u0131r. Bir avukatla (ilk) g\u00f6r\u00fc\u015fmeyi finanzal anlamda kar\u015f\u0131lama konumunda olmayan ki\u015filere randevularda \u00f6ncelik tan\u0131yoruz. Size iltica, ikamet ve g\u00f6\u00e7 (hukuki) konulari alan\u0131nda uzmanla\u015fm\u0131\u015f avukatlar\u0131n bir listesini g\u00f6ndermekten memnuniyet duyar\u0131z.<\/p>\n<\/div><\/section><br \/>\n<div   class='hr hr-default   avia-builder-el-3  el_after_av_textblock  el_before_av_codeblock '><span class='hr-inner ' ><span class='hr-inner-style'><\/span><\/span><\/div><br \/>\n<\/p><\/div>\n","protected":false},"excerpt":{"rendered":"","protected":false},"author":1,"featured_media":0,"parent":780,"menu_order":5,"comment_status":"closed","ping_status":"closed","template":"","meta":{"footnotes":""},"class_list":["post-763","page","type-page","status-publish","hentry"],"_links":{"self":[{"href":"https:\/\/www.migration-macht-gesellschaft.de\/tr\/wp-json\/wp\/v2\/pages\/763","targetHints":{"allow":["GET"]}}],"collection":[{"href":"https:\/\/www.migration-macht-gesellschaft.de\/tr\/wp-json\/wp\/v2\/pages"}],"about":[{"href":"https:\/\/www.migration-macht-gesellschaft.de\/tr\/wp-json\/wp\/v2\/types\/page"}],"author":[{"embeddable":true,"href":"https:\/\/www.migration-macht-gesellschaft.de\/tr\/wp-json\/wp\/v2\/users\/1"}],"replies":[{"embeddable":true,"href":"https:\/\/www.migration-macht-gesellschaft.de\/tr\/wp-json\/wp\/v2\/comments?post=763"}],"version-history":[{"count":16,"href":"https:\/\/www.migration-macht-gesellschaft.de\/tr\/wp-json\/wp\/v2\/pages\/763\/revisions"}],"predecessor-version":[{"id":11709,"href":"https:\/\/www.migration-macht-gesellschaft.de\/tr\/wp-json\/wp\/v2\/pages\/763\/revisions\/11709"}],"up":[{"embeddable":true,"href":"https:\/\/www.migration-macht-gesellschaft.de\/tr\/wp-json\/wp\/v2\/pages\/780"}],"wp:attachment":[{"href":"https:\/\/www.migration-macht-gesellschaft.de\/tr\/wp-json\/wp\/v2\/media?parent=763"}],"curies":[{"name":"wp","href":"https:\/\/api.w.org\/{rel}","templated":true}]}}

Kayıt formu

<div id='full_slider_1'  class='avia-fullwidth-slider main_color avia-shadow   avia-builder-el-0  el_before_av_one_full  avia-builder-el-first   container_wrap fullsize' style=' '  ><div   data-size='no scaling'  data-lightbox_size='large'  data-animation='slide'  data-conditional_play=''  data-ids='69'  data-video_counter='0'  data-autoplay='false'  data-bg_slider='false'  data-slide_height=''  data-handle='av_slideshow_full'  data-interval='5'  data-class=' '  data-el_id=''  data-css_id=''  data-scroll_down=''  data-control_layout='av-control-default'  data-custom_markup=''  data-perma_caption='aviaTBperma_caption'  data-autoplay_stopper=''  data-image_attachment=''  data-min_height='160px'  data-src=''  data-position='top left'  data-repeat='no-repeat'  data-attach='scroll'  data-stretch=''  class='avia-slideshow avia-slideshow-1  av-control-default av-default-height-applied avia-slideshow-no scaling av_slideshow_full   avia-slide-slider '  itemprop="image" itemscope="itemscope" itemtype="https://schema.org/ImageObject" ><ul class='avia-slideshow-inner ' style='padding-bottom: 18.571428571429%;' ><li  class=' av-single-slide slide-1 ' ><div data-rel='slideshow-1' class='avia-slide-wrap '   ><img src='https://www.migration-macht-gesellschaft.de/wp-content/uploads/2020/06/testheader01.jpg' width='1400' height='260' title='testheader01' alt=''  itemprop="thumbnailUrl"  style='min-height:160px; min-width:862px; ' /></div></li></ul><div class = "caption_fullwidth av-slideshow-caption caption_bottom caption_bottom_framed caption_framed"><div class = "container caption_container"><div class = "slideshow_caption"><div class = "slideshow_inner_caption"><div class = "slideshow_align_caption"><span  class='avia-caption-title  '  itemprop="name" >Danişarak. Kabul ederek . Etkileşimli</span></div></div></div></div></div></div></div><div id='after_full_slider_1'  class='main_color av_default_container_wrap container_wrap fullsize' style=' '  ><div class='container' ><div class='template-page content  av-content-full alpha units'><div class='post-entry post-entry-type-page post-entry-763'><div class='entry-content-wrapper clearfix'>
<div class="flex_column av_one_full  flex_column_div av-zero-column-padding first  avia-builder-el-1  el_after_av_slideshow_full  avia-builder-el-no-sibling  " style='border-radius:0px; '><section class="av_textblock_section "  itemscope="itemscope" itemtype="https://schema.org/CreativeWork" ><div class='avia_textblock  av_inherit_color '  style='color:#000000; '  itemprop="text" ><h2 style="text-align: left;" align="center"><strong>İltica ve ikamet konularında danışmanlık</strong></h2>
<h3 style="text-align: left;" align="center"><strong>Hukuki danışmanlık sadece randevu ile mümkündür!</strong></h3>
<p>İltica ve ikamet hukuk konularında hukuki danışmanlık, Salı günleri 18:00-20:30 saatleri arasında EineWeltHaus&#8217;ta (Schwanthalerstraße 80) şahsen veya telefonla yapılmaktadır.</p>
<p>Bizden bir danışmanlık randevusu almak için lütfen aşağıdaki kayıt formumuzu doldurun. Size en kısa sürede geri dönüş yapılacaktır!</p>
<h6>Lütfen unutmayın:</h6>
<p>Şu anda çok sayıda talep almaktayız. Sunduğumuz hukuki yardımımız gönüllü bir hizmettir ve randevu sayımız bu nedenden dolayı kısıtlıdır. Bir avukatla (ilk) görüşmeyi finanzal anlamda karşılama konumunda olmayan kişilere randevularda öncelik tanıyoruz. Size iltica, ikamet ve göç (hukuki) konulari alanında uzmanlaşmış avukatların bir listesini göndermekten memnuniyet duyarız.</p>
</div></section><br />
<div   class='hr hr-default   avia-builder-el-3  el_after_av_textblock  el_before_av_codeblock '><span class='hr-inner ' ><span class='hr-inner-style'></span></span></div><br />
</p></div>
